{"version":"1.0","provider_name":"Colombia Inteligente","provider_url":"https:\/\/colombiainteligente.org\/es_co","title":"Increasing Equitable EV Access and Charging - Colombia Inteligente","type":"rich","width":600,"height":338,"html":"<blockquote class=\"wp-embedded-content\" data-secret=\"RJLI7A1zX1\"><a href=\"https:\/\/colombiainteligente.org\/es_co\/tendencias\/increasing-equitable-ev-access-and-charging\/\">Increasing Equitable EV Access and Charging<\/a><\/blockquote><iframe sandbox=\"allow-scripts\" security=\"restricted\" src=\"https:\/\/colombiainteligente.org\/es_co\/tendencias\/increasing-equitable-ev-access-and-charging\/embed\/#?secret=RJLI7A1zX1\" width=\"600\" height=\"338\" title=\"\u201cIncreasing Equitable EV Access and Charging\u201d \u2014 Colombia Inteligente\" data-secret=\"RJLI7A1zX1\" frameborder=\"0\" marginwidth=\"0\" marginheight=\"0\" scrolling=\"no\" class=\"wp-embedded-content\" data-no-translation-title=\"\"><\/iframe><script>\n\/*! This file is auto-generated *\/\n!function(d,l){\"use strict\";l.querySelector&&d.addEventListener&&\"undefined\"!=typeof URL&&(d.wp=d.wp||{},d.wp.receiveEmbedMessage||(d.wp.receiveEmbedMessage=function(e){var t=e.data;if((t||t.secret||t.message||t.value)&&!\/[^a-zA-Z0-9]\/.test(t.secret)){for(var s,r,n,a=l.querySelectorAll('iframe[data-secret=\"'+t.secret+'\"]'),o=l.querySelectorAll('blockquote[data-secret=\"'+t.secret+'\"]'),c=new RegExp(\"^https?:$\",\"i\"),i=0;i<o.length;i++)o[i].style.display=\"none\";for(i=0;i<a.length;i++)s=a[i],e.source===s.contentWindow&&(s.removeAttribute(\"style\"),\"height\"===t.message?(1e3<(r=parseInt(t.value,10))?r=1e3:~~r<200&&(r=200),s.height=r):\"link\"===t.message&&(r=new URL(s.getAttribute(\"src\")),n=new URL(t.value),c.test(n.protocol))&&n.host===r.host&&l.activeElement===s&&(d.top.location.href=t.value))}},d.addEventListener(\"message\",d.wp.receiveEmbedMessage,!1),l.addEventListener(\"DOMContentLoaded\",function(){for(var e,t,s=l.querySelectorAll(\"iframe.wp-embedded-content\"),r=0;r<s.length;r++)(t=(e=s[r]).getAttribute(\"data-secret\"))||(t=Math.random().toString(36).substring(2,12),e.src+=\"#?secret=\"+t,e.setAttribute(\"data-secret\",t)),e.contentWindow.postMessage({message:\"ready\",secret:t},\"*\")},!1)))}(window,document);\n<\/script>","thumbnail_url":"https:\/\/colombiainteligente.org\/wp-content\/uploads\/2022\/12\/Increasing-Equitable-EV-Access-and-Charging.jpg","thumbnail_width":403,"thumbnail_height":498,"description":"Los veh\u00edculos el\u00e9ctricos son m\u00e1s populares que nunca. A medida que aumenta la demanda y las pol\u00edticas ofrecen incentivos esenciales, los estados deben actuar con rapidez para asegurarse de que est\u00e1n preparados para acoger una afluencia de veh\u00edculos el\u00e9ctricos. La mayor parte de la carga de veh\u00edculos el\u00e9ctricos se realiza en el trabajo o en casa, pero un n\u00famero significativo de estadounidenses vive en apartamentos o edificios de apartamentos, que a menudo no est\u00e1n equipados para la carga. Por lo tanto, los fondos y las pol\u00edticas estatales deben dirigirse a garantizar que todas las personas puedan acceder a los veh\u00edculos el\u00e9ctricos y cargarlos."}

Los vehículos eléctricos son más populares que nunca. A medida que aumenta la demanda y las políticas ofrecen incentivos esenciales, los estados deben actuar con rapidez para asegurarse de que están preparados para acoger una afluencia de vehículos eléctricos. La mayor parte de la carga de vehículos eléctricos se realiza en el trabajo o en casa, pero un número significativo de estadounidenses vive en apartamentos o edificios de apartamentos, que a menudo no están equipados para la carga. Por lo tanto, los fondos y las políticas estatales deben dirigirse a garantizar que todas las personas puedan acceder a los vehículos eléctricos y cargarlos.
