{"id":1487,"date":"2022-09-13T13:58:22","date_gmt":"2022-09-13T18:58:22","guid":{"rendered":"https:\/\/www.colombiainteligente.org\/producto\/subestaciones-digitales\/"},"modified":"2023-08-14T12:06:18","modified_gmt":"2023-08-14T17:06:18","slug":"subestaciones-digitales","status":"publish","type":"product","link":"https:\/\/colombiainteligente.org\/es_co\/product\/subestaciones-digitales\/","title":{"rendered":"Subestaciones Digitales"},"content":{"rendered":"<p>El Grupo de Trabajo Colaborativo (GTC) Subestaciones Digitales de Colombia Inteligente tiene como objetivo brindar lineamientos estrat\u00e9gicos para fomentar la digitalizaci\u00f3n de las subestaciones el\u00e9ctricas y definir recomendaciones para su integraci\u00f3n al sistema el\u00e9ctrico colombiano con base en las mejores pr\u00e1cticas internacionales y el contexto local. En ese sentido, el presente documento busca identificar lecciones aprendidas a nivel internacional, analizando y priorizando est\u00e1ndares, protocolos y pruebas en subestaciones digitales, para conseguirlo se ha estructurado de la siguiente manera.<br \/>\n1. INTRODUCCI\u00d3N: Presenta una visi\u00f3n general de la transformaci\u00f3n digital de los sistemas el\u00e9ctricos y su impacto en la digitalizaci\u00f3n de las subestaciones.<br \/>\n2. DIGITALIZACI\u00d3N DE LAS SUBESTACIONES: Descripci\u00f3n de los elementos principales de la digitalizaci\u00f3n en las subestaciones el\u00e9ctricas y las caracter\u00edsticas principales de la norma IEC 61850 como elemento fundamental en la digitalizaci\u00f3n de las subestaciones, en cuanto a sus antecedentes, estructura, arquitectura y pruebas de conformidad.<br \/>\n3. EXPERIENCIAS INTERNACIONALES: Se describen 11 experiencias internacionales en implementaci\u00f3n del bus de procesos, adem\u00e1s se resumen las lecciones aprendidas en estos proyectos pilotos.<br \/>\n4. CASO COLOMBIA: en este numeral se resumen las experiencias en el \u00e1mbito nacional en digitalizaci\u00f3n de subestaciones, derivadas del trabajo desarrollado por las empresas y el sector<br \/>\nacad\u00e9mico.<\/p>\n<p>Junio de 2019<\/p>\n<div style=\"text-align:center\" class=\"yasr-auto-insert-visitor\"><\/div>","protected":false},"excerpt":{"rendered":"<p>Referenciamiento: subestaciones digitales<\/p>","protected":false},"featured_media":35135,"comment_status":"open","ping_status":"closed","template":"","meta":{"yasr_overall_rating":0,"yasr_post_is_review":"","yasr_auto_insert_disabled":"","yasr_review_type":""},"product_cat":[35,36],"product_tag":[24],"class_list":["post-1487","product","type-product","status-publish","has-post-thumbnail","hentry","product_cat-garantizar-confiabilidad-resiliencia-e-interoperabilidad-en-el-servicio","product_cat-red-flexible-automatizada-y-digital","product_tag-en-investigacion"],"yasr_visitor_votes":{"number_of_votes":0,"sum_votes":0,"stars_attributes":{"read_only":false,"span_bottom":false}},"yoast_head":"<!-- This site is optimized with the Yoast SEO plugin v27.3 - https:\/\/yoast.com\/product\/yoast-seo-wordpress\/ -->\n<title>Subestaciones Digitales - Colombia Inteligente<\/title>\n<meta name=\"robots\" content=\"index, follow, max-snippet:-1, max-image-preview:large, max-video-preview:-1\" \/>\n<link rel=\"canonical\" href=\"https:\/\/colombiainteligente.org\/es_co\/product\/subestaciones-digitales\/\" \/>\n<meta property=\"og:locale\" content=\"es_ES\" \/>\n<meta property=\"og:type\" content=\"article\" \/>\n<meta property=\"og:title\" content=\"Subestaciones Digitales - Colombia Inteligente\" \/>\n<meta property=\"og:description\" content=\"Referenciamiento: subestaciones digitales\" \/>\n<meta property=\"og:url\" content=\"https:\/\/colombiainteligente.org\/es_co\/product\/subestaciones-digitales\/\" \/>\n<meta property=\"og:site_name\" content=\"Colombia Inteligente\" \/>\n<meta property=\"article:modified_time\" content=\"2023-08-14T17:06:18+00:00\" \/>\n<meta property=\"og:image\" content=\"https:\/\/colombiainteligente.org\/wp-content\/uploads\/2022\/09\/subestaciones-digitales.png\" \/>\n\t<meta property=\"og:image:width\" content=\"1836\" \/>\n\t<meta property=\"og:image:height\" content=\"2376\" \/>\n\t<meta property=\"og:image:type\" content=\"image\/png\" \/>\n<meta name=\"twitter:card\" content=\"summary_large_image\" \/>\n<meta name=\"twitter:site\" content=\"@colombiaintelig\" \/>\n<meta name=\"twitter:label1\" content=\"Tiempo estimado de lectura\" \/>\n\t<meta name=\"twitter:data1\" content=\"1 minute\" \/>\n<script type=\"application\/ld+json\" class=\"yoast-schema-graph\">{\"@context\":\"https:\\\/\\\/schema.org\",\"@graph\":[{\"@type\":\"WebPage\",\"@id\":\"https:\\\/\\\/colombiainteligente.org\\\/producto\\\/subestaciones-digitales\\\/\",\"url\":\"https:\\\/\\\/colombiainteligente.org\\\/producto\\\/subestaciones-digitales\\\/\",\"name\":\"Subestaciones Digitales - Colombia Inteligente\",\"isPartOf\":{\"@id\":\"https:\\\/\\\/colombiainteligente.org\\\/#website\"},\"primaryImageOfPage\":{\"@id\":\"https:\\\/\\\/colombiainteligente.org\\\/producto\\\/subestaciones-digitales\\\/#primaryimage\"},\"image\":{\"@id\":\"https:\\\/\\\/colombiainteligente.org\\\/producto\\\/subestaciones-digitales\\\/#primaryimage\"},\"thumbnailUrl\":\"https:\\\/\\\/colombiainteligente.org\\\/wp-content\\\/uploads\\\/2022\\\/09\\\/subestaciones-digitales.png\",\"datePublished\":\"2022-09-13T18:58:22+00:00\",\"dateModified\":\"2023-08-14T17:06:18+00:00\",\"breadcrumb\":{\"@id\":\"https:\\\/\\\/colombiainteligente.org\\\/producto\\\/subestaciones-digitales\\\/#breadcrumb\"},\"inLanguage\":\"es-CO\",\"potentialAction\":[{\"@type\":\"ReadAction\",\"target\":[\"https:\\\/\\\/colombiainteligente.org\\\/producto\\\/subestaciones-digitales\\\/\"]}]},{\"@type\":\"ImageObject\",\"inLanguage\":\"es-CO\",\"@id\":\"https:\\\/\\\/colombiainteligente.org\\\/producto\\\/subestaciones-digitales\\\/#primaryimage\",\"url\":\"https:\\\/\\\/colombiainteligente.org\\\/wp-content\\\/uploads\\\/2022\\\/09\\\/subestaciones-digitales.png\",\"contentUrl\":\"https:\\\/\\\/colombiainteligente.org\\\/wp-content\\\/uploads\\\/2022\\\/09\\\/subestaciones-digitales.png\",\"width\":1836,\"height\":2376},{\"@type\":\"BreadcrumbList\",\"@id\":\"https:\\\/\\\/colombiainteligente.org\\\/producto\\\/subestaciones-digitales\\\/#breadcrumb\",\"itemListElement\":[{\"@type\":\"ListItem\",\"position\":1,\"name\":\"Portada\",\"item\":\"https:\\\/\\\/colombiainteligente.org\\\/\"},{\"@type\":\"ListItem\",\"position\":2,\"name\":\"Tienda\",\"item\":\"https:\\\/\\\/colombiainteligente.org\\\/tienda\\\/\"},{\"@type\":\"ListItem\",\"position\":3,\"name\":\"Subestaciones Digitales\"}]},{\"@type\":\"WebSite\",\"@id\":\"https:\\\/\\\/colombiainteligente.org\\\/#website\",\"url\":\"https:\\\/\\\/colombiainteligente.org\\\/\",\"name\":\"Colombia Inteligente\",\"description\":\"Alianza estrat\u00e9gica, conformada por empresas y entidades, para la inserci\u00f3n integral y eficiente de las redes inteligentes a la infraestructura del sector el\u00e9ctrico colombiano\",\"publisher\":{\"@id\":\"https:\\\/\\\/colombiainteligente.org\\\/#organization\"},\"potentialAction\":[{\"@type\":\"SearchAction\",\"target\":{\"@type\":\"EntryPoint\",\"urlTemplate\":\"https:\\\/\\\/colombiainteligente.org\\\/?s={search_term_string}\"},\"query-input\":{\"@type\":\"PropertyValueSpecification\",\"valueRequired\":true,\"valueName\":\"search_term_string\"}}],\"inLanguage\":\"es-CO\"},{\"@type\":\"Organization\",\"@id\":\"https:\\\/\\\/colombiainteligente.org\\\/#organization\",\"name\":\"Colombia Inteligente\",\"url\":\"https:\\\/\\\/colombiainteligente.org\\\/\",\"logo\":{\"@type\":\"ImageObject\",\"inLanguage\":\"es-CO\",\"@id\":\"https:\\\/\\\/colombiainteligente.org\\\/#\\\/schema\\\/logo\\\/image\\\/\",\"url\":\"https:\\\/\\\/colombiainteligente.org\\\/wp-content\\\/uploads\\\/2022\\\/07\\\/Image.png\",\"contentUrl\":\"https:\\\/\\\/colombiainteligente.org\\\/wp-content\\\/uploads\\\/2022\\\/07\\\/Image.png\",\"width\":588,\"height\":274,\"caption\":\"Colombia Inteligente\"},\"image\":{\"@id\":\"https:\\\/\\\/colombiainteligente.org\\\/#\\\/schema\\\/logo\\\/image\\\/\"},\"sameAs\":[\"https:\\\/\\\/x.com\\\/colombiaintelig\",\"https:\\\/\\\/www.linkedin.com\\\/company\\\/colombiainteligente\\\/\"]}]}<\/script>\n<!-- \/ Yoast SEO plugin. -->","yoast_head_json":{"title":"Subestaciones Digitales - Colombia Inteligente","robots":{"index":"index","follow":"follow","max-snippet":"max-snippet:-1","max-image-preview":"max-image-preview:large","max-video-preview":"max-video-preview:-1"},"canonical":"https:\/\/colombiainteligente.org\/es_co\/product\/subestaciones-digitales\/","og_locale":"es_ES","og_type":"article","og_title":"Subestaciones Digitales - Colombia Inteligente","og_description":"Referenciamiento: subestaciones digitales","og_url":"https:\/\/colombiainteligente.org\/es_co\/product\/subestaciones-digitales\/","og_site_name":"Colombia Inteligente","article_modified_time":"2023-08-14T17:06:18+00:00","og_image":[{"width":1836,"height":2376,"url":"https:\/\/colombiainteligente.org\/wp-content\/uploads\/2022\/09\/subestaciones-digitales.png","type":"image\/png"}],"twitter_card":"summary_large_image","twitter_site":"@colombiaintelig","twitter_misc":{"Tiempo estimado de lectura":"1 minute"},"schema":{"@context":"https:\/\/schema.org","@graph":[{"@type":"WebPage","@id":"https:\/\/colombiainteligente.org\/producto\/subestaciones-digitales\/","url":"https:\/\/colombiainteligente.org\/producto\/subestaciones-digitales\/","name":"Subestaciones Digitales - Colombia Inteligente","isPartOf":{"@id":"https:\/\/colombiainteligente.org\/#website"},"primaryImageOfPage":{"@id":"https:\/\/colombiainteligente.org\/producto\/subestaciones-digitales\/#primaryimage"},"image":{"@id":"https:\/\/colombiainteligente.org\/producto\/subestaciones-digitales\/#primaryimage"},"thumbnailUrl":"https:\/\/colombiainteligente.org\/wp-content\/uploads\/2022\/09\/subestaciones-digitales.png","datePublished":"2022-09-13T18:58:22+00:00","dateModified":"2023-08-14T17:06:18+00:00","breadcrumb":{"@id":"https:\/\/colombiainteligente.org\/producto\/subestaciones-digitales\/#breadcrumb"},"inLanguage":"es-CO","potentialAction":[{"@type":"ReadAction","target":["https:\/\/colombiainteligente.org\/producto\/subestaciones-digitales\/"]}]},{"@type":"ImageObject","inLanguage":"es-CO","@id":"https:\/\/colombiainteligente.org\/producto\/subestaciones-digitales\/#primaryimage","url":"https:\/\/colombiainteligente.org\/wp-content\/uploads\/2022\/09\/subestaciones-digitales.png","contentUrl":"https:\/\/colombiainteligente.org\/wp-content\/uploads\/2022\/09\/subestaciones-digitales.png","width":1836,"height":2376},{"@type":"BreadcrumbList","@id":"https:\/\/colombiainteligente.org\/producto\/subestaciones-digitales\/#breadcrumb","itemListElement":[{"@type":"ListItem","position":1,"name":"Portada","item":"https:\/\/colombiainteligente.org\/"},{"@type":"ListItem","position":2,"name":"Tienda","item":"https:\/\/colombiainteligente.org\/tienda\/"},{"@type":"ListItem","position":3,"name":"Subestaciones Digitales"}]},{"@type":"WebSite","@id":"https:\/\/colombiainteligente.org\/#website","url":"https:\/\/colombiainteligente.org\/","name":"Colombia Inteligente","description":"Alianza estrat\u00e9gica, conformada por empresas y entidades, para la inserci\u00f3n integral y eficiente de las redes inteligentes a la infraestructura del sector el\u00e9ctrico colombiano","publisher":{"@id":"https:\/\/colombiainteligente.org\/#organization"},"potentialAction":[{"@type":"SearchAction","target":{"@type":"EntryPoint","urlTemplate":"https:\/\/colombiainteligente.org\/?s={search_term_string}"},"query-input":{"@type":"PropertyValueSpecification","valueRequired":true,"valueName":"search_term_string"}}],"inLanguage":"es-CO"},{"@type":"Organization","@id":"https:\/\/colombiainteligente.org\/#organization","name":"Colombia Inteligente","url":"https:\/\/colombiainteligente.org\/","logo":{"@type":"ImageObject","inLanguage":"es-CO","@id":"https:\/\/colombiainteligente.org\/#\/schema\/logo\/image\/","url":"https:\/\/colombiainteligente.org\/wp-content\/uploads\/2022\/07\/Image.png","contentUrl":"https:\/\/colombiainteligente.org\/wp-content\/uploads\/2022\/07\/Image.png","width":588,"height":274,"caption":"Colombia Inteligente"},"image":{"@id":"https:\/\/colombiainteligente.org\/#\/schema\/logo\/image\/"},"sameAs":["https:\/\/x.com\/colombiaintelig","https:\/\/www.linkedin.com\/company\/colombiainteligente\/"]}]}},"_links":{"self":[{"href":"https:\/\/colombiainteligente.org\/es_co\/wp-json\/wp\/v2\/product\/1487","targetHints":{"allow":["GET"]}}],"collection":[{"href":"https:\/\/colombiainteligente.org\/es_co\/wp-json\/wp\/v2\/product"}],"about":[{"href":"https:\/\/colombiainteligente.org\/es_co\/wp-json\/wp\/v2\/types\/product"}],"replies":[{"embeddable":true,"href":"https:\/\/colombiainteligente.org\/es_co\/wp-json\/wp\/v2\/comments?post=1487"}],"wp:featuredmedia":[{"embeddable":true,"href":"https:\/\/colombiainteligente.org\/es_co\/wp-json\/wp\/v2\/media\/35135"}],"wp:attachment":[{"href":"https:\/\/colombiainteligente.org\/es_co\/wp-json\/wp\/v2\/media?parent=1487"}],"wp:term":[{"taxonomy":"product_cat","embeddable":true,"href":"https:\/\/colombiainteligente.org\/es_co\/wp-json\/wp\/v2\/product_cat?post=1487"},{"taxonomy":"product_tag","embeddable":true,"href":"https:\/\/colombiainteligente.org\/es_co\/wp-json\/wp\/v2\/product_tag?post=1487"}],"curies":[{"name":"wp","href":"https:\/\/api.w.org\/{rel}","templated":true}]}}

<p>El Grupo de Trabajo Colaborativo (GTC) Subestaciones Digitales de Colombia Inteligente tiene como objetivo brindar lineamientos estratégicos para fomentar la digitalización de las subestaciones eléctricas y definir recomendaciones para su integración al sistema eléctrico colombiano con base en las mejores prácticas internacionales y el contexto local. En ese sentido, el presente documento busca identificar lecciones aprendidas a nivel internacional, analizando y priorizando estándares, protocolos y pruebas en subestaciones digitales, para conseguirlo se ha estructurado de la siguiente manera.<br />
1. INTRODUCCIÓN: Presenta una visión general de la transformación digital de los sistemas eléctricos y su impacto en la digitalización de las subestaciones.<br />
2. DIGITALIZACIÓN DE LAS SUBESTACIONES: Descripción de los elementos principales de la digitalización en las subestaciones eléctricas y las características principales de la norma IEC 61850 como elemento fundamental en la digitalización de las subestaciones, en cuanto a sus antecedentes, estructura, arquitectura y pruebas de conformidad.<br />
3. EXPERIENCIAS INTERNACIONALES: Se describen 11 experiencias internacionales en implementación del bus de procesos, además se resumen las lecciones aprendidas en estos proyectos pilotos.<br />
4. CASO COLOMBIA: en este numeral se resumen las experiencias en el ámbito nacional en digitalización de subestaciones, derivadas del trabajo desarrollado por las empresas y el sector<br />
académico.</p>
<p>Junio de 2019</p>
<div style="text-align:center" class="yasr-auto-insert-visitor"></div>

<!-- This site is optimized with the Yoast SEO plugin v27.3 - https://yoast.com/product/yoast-seo-wordpress/ -->
<title>Subestaciones Digitales - Colombia Inteligente</title>
<meta name="robots" content="index, follow, max-snippet:-1, max-image-preview:large, max-video-preview:-1" />
<link rel="canonical" href="https://colombiainteligente.org/es_co/product/subestaciones-digitales/" />
<meta property="og:locale" content="es_ES" />
<meta property="og:type" content="article" />
<meta property="og:title" content="Subestaciones Digitales - Colombia Inteligente" />
<meta property="og:description" content="Referenciamiento: subestaciones digitales" />
<meta property="og:url" content="https://colombiainteligente.org/es_co/product/subestaciones-digitales/" />
<meta property="og:site_name" content="Colombia Inteligente" />
<meta property="article:modified_time" content="2023-08-14T17:06:18+00:00" />
<meta property="og:image" content="https://colombiainteligente.org/wp-content/uploads/2022/09/subestaciones-digitales.png" />
	<meta property="og:image:width" content="1836" />
	<meta property="og:image:height" content="2376" />
	<meta property="og:image:type" content="image/png" />
<meta name="twitter:card" content="summary_large_image" />
<meta name="twitter:site" content="@colombiaintelig" />
<meta name="twitter:label1" content="Tiempo estimado de lectura" />
	<meta name="twitter:data1" content="1 minute" />
<script type="application/ld+json" class="yoast-schema-graph">{"@context":"https:\/\/schema.org","@graph":[{"@type":"WebPage","@id":"https:\/\/colombiainteligente.org\/producto\/subestaciones-digitales\/","url":"https:\/\/colombiainteligente.org\/producto\/subestaciones-digitales\/","name":"Subestaciones Digitales - Colombia Inteligente","isPartOf":{"@id":"https:\/\/colombiainteligente.org\/#website"},"primaryImageOfPage":{"@id":"https:\/\/colombiainteligente.org\/producto\/subestaciones-digitales\/#primaryimage"},"image":{"@id":"https:\/\/colombiainteligente.org\/producto\/subestaciones-digitales\/#primaryimage"},"thumbnailUrl":"https:\/\/colombiainteligente.org\/wp-content\/uploads\/2022\/09\/subestaciones-digitales.png","datePublished":"2022-09-13T18:58:22+00:00","dateModified":"2023-08-14T17:06:18+00:00","breadcrumb":{"@id":"https:\/\/colombiainteligente.org\/producto\/subestaciones-digitales\/#breadcrumb"},"inLanguage":"es-CO","potentialAction":[{"@type":"ReadAction","target":["https:\/\/colombiainteligente.org\/producto\/subestaciones-digitales\/"]}]},{"@type":"ImageObject","inLanguage":"es-CO","@id":"https:\/\/colombiainteligente.org\/producto\/subestaciones-digitales\/#primaryimage","url":"https:\/\/colombiainteligente.org\/wp-content\/uploads\/2022\/09\/subestaciones-digitales.png","contentUrl":"https:\/\/colombiainteligente.org\/wp-content\/uploads\/2022\/09\/subestaciones-digitales.png","width":1836,"height":2376},{"@type":"BreadcrumbList","@id":"https:\/\/colombiainteligente.org\/producto\/subestaciones-digitales\/#breadcrumb","itemListElement":[{"@type":"ListItem","position":1,"name":"Portada","item":"https:\/\/colombiainteligente.org\/"},{"@type":"ListItem","position":2,"name":"Tienda","item":"https:\/\/colombiainteligente.org\/tienda\/"},{"@type":"ListItem","position":3,"name":"Subestaciones Digitales"}]},{"@type":"WebSite","@id":"https:\/\/colombiainteligente.org\/#website","url":"https:\/\/colombiainteligente.org\/","name":"Colombia Inteligente","description":"Alianza estratégica, conformada por empresas y entidades, para la inserción integral y eficiente de las redes inteligentes a la infraestructura del sector eléctrico colombiano","publisher":{"@id":"https:\/\/colombiainteligente.org\/#organization"},"potentialAction":[{"@type":"SearchAction","target":{"@type":"EntryPoint","urlTemplate":"https:\/\/colombiainteligente.org\/?s={search_term_string}"},"query-input":{"@type":"PropertyValueSpecification","valueRequired":true,"valueName":"search_term_string"}}],"inLanguage":"es-CO"},{"@type":"Organization","@id":"https:\/\/colombiainteligente.org\/#organization","name":"Colombia Inteligente","url":"https:\/\/colombiainteligente.org\/","logo":{"@type":"ImageObject","inLanguage":"es-CO","@id":"https:\/\/colombiainteligente.org\/#\/schema\/logo\/image\/","url":"https:\/\/colombiainteligente.org\/wp-content\/uploads\/2022\/07\/Image.png","contentUrl":"https:\/\/colombiainteligente.org\/wp-content\/uploads\/2022\/07\/Image.png","width":588,"height":274,"caption":"Colombia Inteligente"},"image":{"@id":"https:\/\/colombiainteligente.org\/#\/schema\/logo\/image\/"},"sameAs":["https:\/\/x.com\/colombiaintelig","https:\/\/www.linkedin.com\/company\/colombiainteligente\/"]}]}</script>
<!-- / Yoast SEO plugin. -->

Alianza estratégica, conformada por empresas y entidades, para la inserción integral y eficiente de las redes inteligentes a la infraestructura del sector eléctrico colombiano
