{"id":1494,"date":"2022-09-13T13:58:23","date_gmt":"2022-09-13T18:58:23","guid":{"rendered":"https:\/\/www.colombiainteligente.org\/producto\/acciones-programa-demanda-en-el-mercado\/"},"modified":"2023-05-19T13:49:55","modified_gmt":"2023-05-19T18:49:55","slug":"acciones-programa-demanda-en-el-mercado","status":"publish","type":"product","link":"https:\/\/colombiainteligente.org\/es_co\/product\/acciones-programa-demanda-en-el-mercado\/","title":{"rendered":"Acciones Programa Demanda En El Mercado"},"content":{"rendered":"<p>Este documento brinda acciones para implementar a nivel nacional el programa de Demanda en el Mercado y est\u00e1 estructurado en 4 secciones.<\/p>\n<ol>\n<li><strong>\u00a0Programas Respuesta de la Demanda:<\/strong> esta secci\u00f3n hace una contextualizaci\u00f3n del trabajo adelantado por Colombia Inteligente y el marco conceptual utilizado.<\/li>\n<li>\u00a0<strong>Programa Demanda en el Mercado:<\/strong> en esta secci\u00f3n se analizan los diferentes atributos del programa RD, como incentivos del programa, mercado objetivo, duraci\u00f3n del evento, etc.<\/li>\n<li>\u00a0<strong>Revisi\u00f3n de normativas:<\/strong> aqu\u00ed se muestran las resoluciones relacionadas, los roles y responsabilidades para participar en el programa y los requerimientos para implementar el programa RD en el pa\u00eds.<\/li>\n<li>\u00a0<strong>Implementaci\u00f3n programa Demanda en el mercado:<\/strong> finalmente esta secci\u00f3n analiza las actividades a desarrollar para el despliegue del mecanismo RD en Colombia, como inscripci\u00f3n y notificaciones previas, activaci\u00f3n del programa, liquidaci\u00f3n del programa y registro de informaci\u00f3n. De igual forma en este secci\u00f3n se listen los criterios para la construcci\u00f3n de la l\u00ednea base de consumo, aspecto fundamental para el correcto despliegue del programa RD.<\/li>\n<\/ol>\n<p>Agosto de 2020<\/p>\n<div style=\"text-align:center\" class=\"yasr-auto-insert-visitor\"><\/div>","protected":false},"excerpt":{"rendered":"<p>Acciones: programa demanda en el mercado<\/p>","protected":false},"featured_media":1516,"comment_status":"open","ping_status":"closed","template":"","meta":{"yasr_overall_rating":0,"yasr_post_is_review":"","yasr_auto_insert_disabled":"","yasr_review_type":""},"product_cat":[38,39],"product_tag":[43],"class_list":["post-1494","product","type-product","status-publish","has-post-thumbnail","hentry","product_cat-habilitar-servicios-descentralizados-flexibles-y-multi-producto","product_cat-recursos-distribuidos","product_tag-aplicaciones-escalables"],"yasr_visitor_votes":{"number_of_votes":0,"sum_votes":0,"stars_attributes":{"read_only":false,"span_bottom":false}},"yoast_head":"<!-- This site is optimized with the Yoast SEO plugin v27.3 - https:\/\/yoast.com\/product\/yoast-seo-wordpress\/ -->\n<title>Acciones Programa Demanda En El Mercado - Colombia Inteligente<\/title>\n<meta name=\"robots\" content=\"index, follow, max-snippet:-1, max-image-preview:large, max-video-preview:-1\" \/>\n<link rel=\"canonical\" href=\"https:\/\/colombiainteligente.org\/es_co\/product\/acciones-programa-demanda-en-el-mercado\/\" \/>\n<meta property=\"og:locale\" content=\"es_ES\" \/>\n<meta property=\"og:type\" content=\"article\" \/>\n<meta property=\"og:title\" content=\"Acciones Programa Demanda En El Mercado - Colombia Inteligente\" \/>\n<meta property=\"og:description\" content=\"Acciones: programa demanda en el mercado\" \/>\n<meta property=\"og:url\" content=\"https:\/\/colombiainteligente.org\/es_co\/product\/acciones-programa-demanda-en-el-mercado\/\" \/>\n<meta property=\"og:site_name\" content=\"Colombia Inteligente\" \/>\n<meta property=\"article:modified_time\" content=\"2023-05-19T18:49:55+00:00\" \/>\n<meta property=\"og:image\" content=\"https:\/\/colombiainteligente.org\/wp-content\/uploads\/2022\/09\/Acciones-Programa-Demanda-En-El-Mercado.jpg\" \/>\n\t<meta property=\"og:image:width\" content=\"518\" \/>\n\t<meta property=\"og:image:height\" content=\"670\" \/>\n\t<meta property=\"og:image:type\" content=\"image\/jpeg\" \/>\n<meta name=\"twitter:card\" content=\"summary_large_image\" \/>\n<meta name=\"twitter:site\" content=\"@colombiaintelig\" \/>\n<meta name=\"twitter:label1\" content=\"Tiempo estimado de lectura\" \/>\n\t<meta name=\"twitter:data1\" content=\"1 minute\" \/>\n<script type=\"application\/ld+json\" class=\"yoast-schema-graph\">{\"@context\":\"https:\\\/\\\/schema.org\",\"@graph\":[{\"@type\":\"WebPage\",\"@id\":\"https:\\\/\\\/colombiainteligente.org\\\/producto\\\/acciones-programa-demanda-en-el-mercado\\\/\",\"url\":\"https:\\\/\\\/colombiainteligente.org\\\/producto\\\/acciones-programa-demanda-en-el-mercado\\\/\",\"name\":\"Acciones Programa Demanda En El Mercado - Colombia Inteligente\",\"isPartOf\":{\"@id\":\"https:\\\/\\\/colombiainteligente.org\\\/#website\"},\"primaryImageOfPage\":{\"@id\":\"https:\\\/\\\/colombiainteligente.org\\\/producto\\\/acciones-programa-demanda-en-el-mercado\\\/#primaryimage\"},\"image\":{\"@id\":\"https:\\\/\\\/colombiainteligente.org\\\/producto\\\/acciones-programa-demanda-en-el-mercado\\\/#primaryimage\"},\"thumbnailUrl\":\"https:\\\/\\\/colombiainteligente.org\\\/wp-content\\\/uploads\\\/2022\\\/09\\\/Acciones-Programa-Demanda-En-El-Mercado.jpg\",\"datePublished\":\"2022-09-13T18:58:23+00:00\",\"dateModified\":\"2023-05-19T18:49:55+00:00\",\"breadcrumb\":{\"@id\":\"https:\\\/\\\/colombiainteligente.org\\\/producto\\\/acciones-programa-demanda-en-el-mercado\\\/#breadcrumb\"},\"inLanguage\":\"es-CO\",\"potentialAction\":[{\"@type\":\"ReadAction\",\"target\":[\"https:\\\/\\\/colombiainteligente.org\\\/producto\\\/acciones-programa-demanda-en-el-mercado\\\/\"]}]},{\"@type\":\"ImageObject\",\"inLanguage\":\"es-CO\",\"@id\":\"https:\\\/\\\/colombiainteligente.org\\\/producto\\\/acciones-programa-demanda-en-el-mercado\\\/#primaryimage\",\"url\":\"https:\\\/\\\/colombiainteligente.org\\\/wp-content\\\/uploads\\\/2022\\\/09\\\/Acciones-Programa-Demanda-En-El-Mercado.jpg\",\"contentUrl\":\"https:\\\/\\\/colombiainteligente.org\\\/wp-content\\\/uploads\\\/2022\\\/09\\\/Acciones-Programa-Demanda-En-El-Mercado.jpg\",\"width\":518,\"height\":670,\"caption\":\"Acciones Programa Demanda En El Mercado\"},{\"@type\":\"BreadcrumbList\",\"@id\":\"https:\\\/\\\/colombiainteligente.org\\\/producto\\\/acciones-programa-demanda-en-el-mercado\\\/#breadcrumb\",\"itemListElement\":[{\"@type\":\"ListItem\",\"position\":1,\"name\":\"Portada\",\"item\":\"https:\\\/\\\/colombiainteligente.org\\\/\"},{\"@type\":\"ListItem\",\"position\":2,\"name\":\"Tienda\",\"item\":\"https:\\\/\\\/colombiainteligente.org\\\/tienda\\\/\"},{\"@type\":\"ListItem\",\"position\":3,\"name\":\"Acciones Programa Demanda En El Mercado\"}]},{\"@type\":\"WebSite\",\"@id\":\"https:\\\/\\\/colombiainteligente.org\\\/#website\",\"url\":\"https:\\\/\\\/colombiainteligente.org\\\/\",\"name\":\"Colombia Inteligente\",\"description\":\"Alianza estrat\u00e9gica, conformada por empresas y entidades, para la inserci\u00f3n integral y eficiente de las redes inteligentes a la infraestructura del sector el\u00e9ctrico colombiano\",\"publisher\":{\"@id\":\"https:\\\/\\\/colombiainteligente.org\\\/#organization\"},\"potentialAction\":[{\"@type\":\"SearchAction\",\"target\":{\"@type\":\"EntryPoint\",\"urlTemplate\":\"https:\\\/\\\/colombiainteligente.org\\\/?s={search_term_string}\"},\"query-input\":{\"@type\":\"PropertyValueSpecification\",\"valueRequired\":true,\"valueName\":\"search_term_string\"}}],\"inLanguage\":\"es-CO\"},{\"@type\":\"Organization\",\"@id\":\"https:\\\/\\\/colombiainteligente.org\\\/#organization\",\"name\":\"Colombia Inteligente\",\"url\":\"https:\\\/\\\/colombiainteligente.org\\\/\",\"logo\":{\"@type\":\"ImageObject\",\"inLanguage\":\"es-CO\",\"@id\":\"https:\\\/\\\/colombiainteligente.org\\\/#\\\/schema\\\/logo\\\/image\\\/\",\"url\":\"https:\\\/\\\/colombiainteligente.org\\\/wp-content\\\/uploads\\\/2022\\\/07\\\/Image.png\",\"contentUrl\":\"https:\\\/\\\/colombiainteligente.org\\\/wp-content\\\/uploads\\\/2022\\\/07\\\/Image.png\",\"width\":588,\"height\":274,\"caption\":\"Colombia Inteligente\"},\"image\":{\"@id\":\"https:\\\/\\\/colombiainteligente.org\\\/#\\\/schema\\\/logo\\\/image\\\/\"},\"sameAs\":[\"https:\\\/\\\/x.com\\\/colombiaintelig\",\"https:\\\/\\\/www.linkedin.com\\\/company\\\/colombiainteligente\\\/\"]}]}<\/script>\n<!-- \/ Yoast SEO plugin. -->","yoast_head_json":{"title":"Acciones Programa Demanda En El Mercado - Colombia Inteligente","robots":{"index":"index","follow":"follow","max-snippet":"max-snippet:-1","max-image-preview":"max-image-preview:large","max-video-preview":"max-video-preview:-1"},"canonical":"https:\/\/colombiainteligente.org\/es_co\/product\/acciones-programa-demanda-en-el-mercado\/","og_locale":"es_ES","og_type":"article","og_title":"Acciones Programa Demanda En El Mercado - Colombia Inteligente","og_description":"Acciones: programa demanda en el mercado","og_url":"https:\/\/colombiainteligente.org\/es_co\/product\/acciones-programa-demanda-en-el-mercado\/","og_site_name":"Colombia Inteligente","article_modified_time":"2023-05-19T18:49:55+00:00","og_image":[{"width":518,"height":670,"url":"https:\/\/colombiainteligente.org\/wp-content\/uploads\/2022\/09\/Acciones-Programa-Demanda-En-El-Mercado.jpg","type":"image\/jpeg"}],"twitter_card":"summary_large_image","twitter_site":"@colombiaintelig","twitter_misc":{"Tiempo estimado de lectura":"1 minute"},"schema":{"@context":"https:\/\/schema.org","@graph":[{"@type":"WebPage","@id":"https:\/\/colombiainteligente.org\/producto\/acciones-programa-demanda-en-el-mercado\/","url":"https:\/\/colombiainteligente.org\/producto\/acciones-programa-demanda-en-el-mercado\/","name":"Acciones Programa Demanda En El Mercado - Colombia Inteligente","isPartOf":{"@id":"https:\/\/colombiainteligente.org\/#website"},"primaryImageOfPage":{"@id":"https:\/\/colombiainteligente.org\/producto\/acciones-programa-demanda-en-el-mercado\/#primaryimage"},"image":{"@id":"https:\/\/colombiainteligente.org\/producto\/acciones-programa-demanda-en-el-mercado\/#primaryimage"},"thumbnailUrl":"https:\/\/colombiainteligente.org\/wp-content\/uploads\/2022\/09\/Acciones-Programa-Demanda-En-El-Mercado.jpg","datePublished":"2022-09-13T18:58:23+00:00","dateModified":"2023-05-19T18:49:55+00:00","breadcrumb":{"@id":"https:\/\/colombiainteligente.org\/producto\/acciones-programa-demanda-en-el-mercado\/#breadcrumb"},"inLanguage":"es-CO","potentialAction":[{"@type":"ReadAction","target":["https:\/\/colombiainteligente.org\/producto\/acciones-programa-demanda-en-el-mercado\/"]}]},{"@type":"ImageObject","inLanguage":"es-CO","@id":"https:\/\/colombiainteligente.org\/producto\/acciones-programa-demanda-en-el-mercado\/#primaryimage","url":"https:\/\/colombiainteligente.org\/wp-content\/uploads\/2022\/09\/Acciones-Programa-Demanda-En-El-Mercado.jpg","contentUrl":"https:\/\/colombiainteligente.org\/wp-content\/uploads\/2022\/09\/Acciones-Programa-Demanda-En-El-Mercado.jpg","width":518,"height":670,"caption":"Acciones Programa Demanda En El Mercado"},{"@type":"BreadcrumbList","@id":"https:\/\/colombiainteligente.org\/producto\/acciones-programa-demanda-en-el-mercado\/#breadcrumb","itemListElement":[{"@type":"ListItem","position":1,"name":"Portada","item":"https:\/\/colombiainteligente.org\/"},{"@type":"ListItem","position":2,"name":"Tienda","item":"https:\/\/colombiainteligente.org\/tienda\/"},{"@type":"ListItem","position":3,"name":"Acciones Programa Demanda En El Mercado"}]},{"@type":"WebSite","@id":"https:\/\/colombiainteligente.org\/#website","url":"https:\/\/colombiainteligente.org\/","name":"Colombia Inteligente","description":"Alianza estrat\u00e9gica, conformada por empresas y entidades, para la inserci\u00f3n integral y eficiente de las redes inteligentes a la infraestructura del sector el\u00e9ctrico colombiano","publisher":{"@id":"https:\/\/colombiainteligente.org\/#organization"},"potentialAction":[{"@type":"SearchAction","target":{"@type":"EntryPoint","urlTemplate":"https:\/\/colombiainteligente.org\/?s={search_term_string}"},"query-input":{"@type":"PropertyValueSpecification","valueRequired":true,"valueName":"search_term_string"}}],"inLanguage":"es-CO"},{"@type":"Organization","@id":"https:\/\/colombiainteligente.org\/#organization","name":"Colombia Inteligente","url":"https:\/\/colombiainteligente.org\/","logo":{"@type":"ImageObject","inLanguage":"es-CO","@id":"https:\/\/colombiainteligente.org\/#\/schema\/logo\/image\/","url":"https:\/\/colombiainteligente.org\/wp-content\/uploads\/2022\/07\/Image.png","contentUrl":"https:\/\/colombiainteligente.org\/wp-content\/uploads\/2022\/07\/Image.png","width":588,"height":274,"caption":"Colombia Inteligente"},"image":{"@id":"https:\/\/colombiainteligente.org\/#\/schema\/logo\/image\/"},"sameAs":["https:\/\/x.com\/colombiaintelig","https:\/\/www.linkedin.com\/company\/colombiainteligente\/"]}]}},"_links":{"self":[{"href":"https:\/\/colombiainteligente.org\/es_co\/wp-json\/wp\/v2\/product\/1494","targetHints":{"allow":["GET"]}}],"collection":[{"href":"https:\/\/colombiainteligente.org\/es_co\/wp-json\/wp\/v2\/product"}],"about":[{"href":"https:\/\/colombiainteligente.org\/es_co\/wp-json\/wp\/v2\/types\/product"}],"replies":[{"embeddable":true,"href":"https:\/\/colombiainteligente.org\/es_co\/wp-json\/wp\/v2\/comments?post=1494"}],"wp:featuredmedia":[{"embeddable":true,"href":"https:\/\/colombiainteligente.org\/es_co\/wp-json\/wp\/v2\/media\/1516"}],"wp:attachment":[{"href":"https:\/\/colombiainteligente.org\/es_co\/wp-json\/wp\/v2\/media?parent=1494"}],"wp:term":[{"taxonomy":"product_cat","embeddable":true,"href":"https:\/\/colombiainteligente.org\/es_co\/wp-json\/wp\/v2\/product_cat?post=1494"},{"taxonomy":"product_tag","embeddable":true,"href":"https:\/\/colombiainteligente.org\/es_co\/wp-json\/wp\/v2\/product_tag?post=1494"}],"curies":[{"name":"wp","href":"https:\/\/api.w.org\/{rel}","templated":true}]}}

<p>Este documento brinda acciones para implementar a nivel nacional el programa de Demanda en el Mercado y está estructurado en 4 secciones.</p>
<ol>
<li><strong> Programas Respuesta de la Demanda:</strong> esta sección hace una contextualización del trabajo adelantado por Colombia Inteligente y el marco conceptual utilizado.</li>
<li> <strong>Programa Demanda en el Mercado:</strong> en esta sección se analizan los diferentes atributos del programa RD, como incentivos del programa, mercado objetivo, duración del evento, etc.</li>
<li> <strong>Revisión de normativas:</strong> aquí se muestran las resoluciones relacionadas, los roles y responsabilidades para participar en el programa y los requerimientos para implementar el programa RD en el país.</li>
<li> <strong>Implementación programa Demanda en el mercado:</strong> finalmente esta sección analiza las actividades a desarrollar para el despliegue del mecanismo RD en Colombia, como inscripción y notificaciones previas, activación del programa, liquidación del programa y registro de información. De igual forma en este sección se listen los criterios para la construcción de la línea base de consumo, aspecto fundamental para el correcto despliegue del programa RD.</li>
</ol>
<p>Agosto de 2020</p>
<div style="text-align:center" class="yasr-auto-insert-visitor"></div>

<!-- This site is optimized with the Yoast SEO plugin v27.3 - https://yoast.com/product/yoast-seo-wordpress/ -->
<title>Acciones Programa Demanda En El Mercado - Colombia Inteligente</title>
<meta name="robots" content="index, follow, max-snippet:-1, max-image-preview:large, max-video-preview:-1" />
<link rel="canonical" href="https://colombiainteligente.org/es_co/product/acciones-programa-demanda-en-el-mercado/" />
<meta property="og:locale" content="es_ES" />
<meta property="og:type" content="article" />
<meta property="og:title" content="Acciones Programa Demanda En El Mercado - Colombia Inteligente" />
<meta property="og:description" content="Acciones: programa demanda en el mercado" />
<meta property="og:url" content="https://colombiainteligente.org/es_co/product/acciones-programa-demanda-en-el-mercado/" />
<meta property="og:site_name" content="Colombia Inteligente" />
<meta property="article:modified_time" content="2023-05-19T18:49:55+00:00" />
<meta property="og:image" content="https://colombiainteligente.org/wp-content/uploads/2022/09/Acciones-Programa-Demanda-En-El-Mercado.jpg" />
	<meta property="og:image:width" content="518" />
	<meta property="og:image:height" content="670" />
	<meta property="og:image:type" content="image/jpeg" />
<meta name="twitter:card" content="summary_large_image" />
<meta name="twitter:site" content="@colombiaintelig" />
<meta name="twitter:label1" content="Tiempo estimado de lectura" />
	<meta name="twitter:data1" content="1 minute" />
<script type="application/ld+json" class="yoast-schema-graph">{"@context":"https:\/\/schema.org","@graph":[{"@type":"WebPage","@id":"https:\/\/colombiainteligente.org\/producto\/acciones-programa-demanda-en-el-mercado\/","url":"https:\/\/colombiainteligente.org\/producto\/acciones-programa-demanda-en-el-mercado\/","name":"Acciones Programa Demanda En El Mercado - Colombia Inteligente","isPartOf":{"@id":"https:\/\/colombiainteligente.org\/#website"},"primaryImageOfPage":{"@id":"https:\/\/colombiainteligente.org\/producto\/acciones-programa-demanda-en-el-mercado\/#primaryimage"},"image":{"@id":"https:\/\/colombiainteligente.org\/producto\/acciones-programa-demanda-en-el-mercado\/#primaryimage"},"thumbnailUrl":"https:\/\/colombiainteligente.org\/wp-content\/uploads\/2022\/09\/Acciones-Programa-Demanda-En-El-Mercado.jpg","datePublished":"2022-09-13T18:58:23+00:00","dateModified":"2023-05-19T18:49:55+00:00","breadcrumb":{"@id":"https:\/\/colombiainteligente.org\/producto\/acciones-programa-demanda-en-el-mercado\/#breadcrumb"},"inLanguage":"es-CO","potentialAction":[{"@type":"ReadAction","target":["https:\/\/colombiainteligente.org\/producto\/acciones-programa-demanda-en-el-mercado\/"]}]},{"@type":"ImageObject","inLanguage":"es-CO","@id":"https:\/\/colombiainteligente.org\/producto\/acciones-programa-demanda-en-el-mercado\/#primaryimage","url":"https:\/\/colombiainteligente.org\/wp-content\/uploads\/2022\/09\/Acciones-Programa-Demanda-En-El-Mercado.jpg","contentUrl":"https:\/\/colombiainteligente.org\/wp-content\/uploads\/2022\/09\/Acciones-Programa-Demanda-En-El-Mercado.jpg","width":518,"height":670,"caption":"Acciones Programa Demanda En El Mercado"},{"@type":"BreadcrumbList","@id":"https:\/\/colombiainteligente.org\/producto\/acciones-programa-demanda-en-el-mercado\/#breadcrumb","itemListElement":[{"@type":"ListItem","position":1,"name":"Portada","item":"https:\/\/colombiainteligente.org\/"},{"@type":"ListItem","position":2,"name":"Tienda","item":"https:\/\/colombiainteligente.org\/tienda\/"},{"@type":"ListItem","position":3,"name":"Acciones Programa Demanda En El Mercado"}]},{"@type":"WebSite","@id":"https:\/\/colombiainteligente.org\/#website","url":"https:\/\/colombiainteligente.org\/","name":"Colombia Inteligente","description":"Alianza estratégica, conformada por empresas y entidades, para la inserción integral y eficiente de las redes inteligentes a la infraestructura del sector eléctrico colombiano","publisher":{"@id":"https:\/\/colombiainteligente.org\/#organization"},"potentialAction":[{"@type":"SearchAction","target":{"@type":"EntryPoint","urlTemplate":"https:\/\/colombiainteligente.org\/?s={search_term_string}"},"query-input":{"@type":"PropertyValueSpecification","valueRequired":true,"valueName":"search_term_string"}}],"inLanguage":"es-CO"},{"@type":"Organization","@id":"https:\/\/colombiainteligente.org\/#organization","name":"Colombia Inteligente","url":"https:\/\/colombiainteligente.org\/","logo":{"@type":"ImageObject","inLanguage":"es-CO","@id":"https:\/\/colombiainteligente.org\/#\/schema\/logo\/image\/","url":"https:\/\/colombiainteligente.org\/wp-content\/uploads\/2022\/07\/Image.png","contentUrl":"https:\/\/colombiainteligente.org\/wp-content\/uploads\/2022\/07\/Image.png","width":588,"height":274,"caption":"Colombia Inteligente"},"image":{"@id":"https:\/\/colombiainteligente.org\/#\/schema\/logo\/image\/"},"sameAs":["https:\/\/x.com\/colombiaintelig","https:\/\/www.linkedin.com\/company\/colombiainteligente\/"]}]}</script>
<!-- / Yoast SEO plugin. -->

Alianza estratégica, conformada por empresas y entidades, para la inserción integral y eficiente de las redes inteligentes a la infraestructura del sector eléctrico colombiano
